= 8, 0 = u*c + n - 1 - 67. What is the remainder when 43 is divided by c?
21
Let b(s) = 165*s + 98. Let c(n) = -110*n - 66. Let q(y) = -5*b(y) - 7*c(y). Calculate the remainder when 211 is divided by q(-1).
22
Suppose 0*m + 2 = m. Suppose 0 = -8*a + m*a + 138. Let d = 112 + -100. Calculate the remainder when a is divided by d.
11
Suppose 2*x + 44*l - 40*l = 584, x = 4*l + 274. Calculate the remainder when x is divided by 138.
10
Let x(z) = -27*z**3 + z**2 + 2*z + 1. What is the remainder when 885/4*(-740)/(-555) is divided by x(-1)?
25
Suppose 670*l = 673*l - 111. What is the remainder when 103 is divided by l?
29
Calculate the remainder when 579 is divided by (-270)/216*(-2)/(-5)*-1138.
10
Let m be ((-4)/6)/((-8)/168). Let j be (-575)/(-45) - 2/(-9). Let z = m + j. What is the remainder when 52 is divided by z?
25
Suppose 570*p = 1148*p - 607*p + 366937. Calculate the remainder when p is divided by 112.
109
Let d(q) = -q**3 + q**2 - 6. Calculate the remainder when 10527 is divided by d(-3).
27
Suppose 9*r - 1296 = -39*r. What is the remainder when 1510 is divided by r?
25
Calculate the remainder when 905 is divided by (-5)/(-60)*4 - (-392)/21.
12
Let u(b) = 73*b + 2. Let h = -10251 + 10261. Calculate the remainder when u(2) is divided by h.
8
Let x = 3876 - 3093. What is the remainder when x is divided by 159?
147
Let k(x) = 28*x**2 - 6*x - 2. Let a be k(-2). Let j = -78 + a. What is the remainder when j is divided by 15?
14
Let q = 1347 - 1333. Let f be (-10)/(-3) + 2/(-6). Let t = q - f. What is the remainder when 142 is divided by t?
10
Suppose -36605 = -7*y + 5*z, 86 = 5*z + 81. What is the remainder when y is divided by 1741?
7
Let x(q) = 1 + q + 3 - 2 + 0*q. Let h be x(-5). What is the remainder when 9 is divided by (3 + h)/(-3) - -5?
4
Suppose -3*x + 9*x + 6 = 0. What is the remainder when (x - 0)*(-198 - -39) is divided by 16?
15
Let x = -424 + 503. Calculate the remainder when 945 is divided by x.
76
Let q = 190 - 180. Suppose -43 = -3*b - u, 3*u - 17 = -q*b + 8*b. What is the remainder when 104 is divided by b?
8
Suppose 2421*r - 2407*r - 11858 = 0. Calculate the remainder when r is divided by 45.
37
Let t = 1694 - 1679. What is the remainder when 377 is divided by t?
2
Let z(m) = -m + 3. Let u be z(3). Suppose u*g - g - 3993 = 0. What is the remainder when (-6)/10 - g/55 is divided by 26?
20
Suppose 41 = 17*r + 109. Calculate the remainder when 158 is divided by ((-64)/(-12) + r)*60.
78
Suppose 5*j - 4*d - 547 = 0, -4*j = 3*d - 311 - 139. Suppose -s - 2*s = 2*l - j, -l = 5*s - 178. What is the remainder when 130 is divided by s?
25
Let s = 95 + -172. Let w = 106 + s. Calculate the remainder when 126 is divided by w.
10
Let q(t) = -14*t. Let b(m) be the third derivative of -m**5/60 - m**4/12 + m**3 - 4*m**2. Let k be b(2). What is the remainder when 137 is divided by q(k)?
25
Suppose -6*x + 5 = -5*x. Suppose x*f - 5*u = 95 + 85, 0 = u + 5. Let z = -1006 + 1015. What is the remainder when f is divided by z?
4
Let p = 37 - 0. Let k = 44 - p. What is the remainder when 30 is divided by k?
2
Let w = -49 - -52. Let y(h) = -h**2 + h - 10. Let f be y(w). Calculate the remainder when 2/1*4*(-86)/f is divided by 9.
7
Let m = 248 - 41. Let u(z) = -z**3 - 36*z + 7. What is the remainder when m is divided by u(0)?
4
Suppose 0 = 3*w + 2*v - 39, 7325*v = -2*w + 7327*v + 36. Let h be 2/6 + (-25)/3. Calculate the remainder when (-58)/h*(-8)/(-1) is divided by w.
13
Let s = -20159 + 20177. Calculate the remainder when (-546)/(-4) + (-4)/(-8) is divided by s.
11
Suppose -820 = -a + 379*z - 378*z, a - 841 = 4*z. What is the remainder when a is divided by 70?
43
Let l(f) = 822*f + 5764. Calculate the remainder when l(-7) is divided by 4/(-14)*(2 - 9).
0
Suppose 0*s + 5*j + 79 = -2*s, -3*s = -2*j + 166. Let p = s + 99. Suppose 26 = 4*d + 2*k, 3*d - p = -2*k + 6*k. Calculate the remainder when 24 is divided by d.
6
Let a = 452544 - 452524. Let b = 41 + -13. What is the remainder when b is divided by a?
8
Suppose -4*q + 4 = -0, 2 = 3*p + 2*q. Suppose 0 = -5*h + a - 495, 4*a - 198 = 2*h - p*a. Let y = 123 + h. What is the remainder when y is divided by 9?
6
Let d be (-16)/14 - 254/(-14). Let j(y) = -y**2 + 28*y - 94. What is the remainder when 173 is divided by j(d)?
80
What is the remainder when (14 - 9 - -1432) + 14 is divided by 66?
65
Let i = 159 - 15. Let f be -2 - -5 - (0 - i). Suppose 2*x - f = 49. Calculate the remainder when x is divided by 25.
23
Let d(i) be the third derivative of i**6/120 + 2*i**5/15 - 23*i**4/24 - 2*i**3 + 2*i**2. Calculate the remainder when 31 is divided by d(-10).
13
Suppose -93*x = -99*x + 204. Let h be (2 + -3)/(1/(-3)). Suppose h*m - 11 = x. Calculate the remainder when 59 is divided by m.
14
Let h(w) = w**2 - 33*w - 490. Calculate the remainder when h(-27) is divided by 17.
8
Let d be 7/((-28)/(-52))*1. Suppose 4*v + 3222 = d*v. Calculate the remainder when v is divided by 24.
22
Let h(o) = 7*o**2 - 9*o - 5. Let q be h(4). Suppose 145 = 12*u - q. Suppose 6*y = 413 + 217. Calculate the remainder when y is divided by u.
15
Suppose -30*w = 77*w - 4601. What is the remainder when 779 is divided by w?
5
Suppose -2*r + 56 = -n, -r - 4*n = 2*r - 62. Suppose -y = -3*q + 149 + 272, 4*q = -y + 559. Calculate the remainder when r is divided by 90/14 + 80/q.
5
Suppose 4*v = -6*y + 9*y - 116213, 4*v + 38743 = y. Calculate the remainder when y is divided by 16.
15
Let s(r) = -r**3 + 10*r**2 + 23*r + 14. Let v be s(12). Suppose 2*o = v*q - o - 19, -o + 1 = 0. Calculate the remainder when 27 is divided by q.
5
Suppose 480*h = 462*h + 3690. What is the remainder when 737 is divided by h?
122
Suppose -33*o - 23*o + 3108 = -14*o. What is the remainder when 2884 is divided by o?
72
Let o be -4*18/((-10)/5). Let z = o - -42. Suppose 0*c - 4*c - 3*l = -58, 5*c = -l + z. Calculate the remainder when c is divided by 3.
1
Let h(d) = 24*d**2 - 9*d - 3. Calculate the remainder when 1873 is divided by h(2).
73
Let y = -43 - -46. Suppose -f - 31 + 11 = -y*l, 10 = l - 2*f. What is the remainder when 5 is divided by l/4 + 6/(-12)?
0
Suppose -2*q - 4*d - 6 = 0, -4 = 5*q + 4*d - 13. Suppose 0*y + q*y = 450. Suppose -241 = -20*x + 219. What is the remainder when y is divided by x?
21
Let y = -4420 - -4434. Calculate the remainder when 2405 is divided by y.
11
Let g(r) = r**2 + 4*r - 26. Let f = 23 - 31. Let l be g(f). Suppose -l*a + 43 = -11. What is the remainder when 33 is divided by a?
6
Let i = 155 - 110. Let x(l) = l**3 + 5*l**2 + 3*l + 3. Let k be x(-4). Suppose k*q - 10 = 74. Calculate the remainder when i is divided by q.
9
Suppose -3*l = 1 + 2, l = -5*w - 41. Suppose q + 308 = 3*q. Calculate the remainder when q is divided by 13*(2 - (w - -7)).
37
Suppose 2*f - 4*p = 20, 2*f - 6*p + p = 22. Let h = 7 + -12. Let d = h + 13. Calculate the remainder when d is divided by f.
2
Suppose 0 = -3*c + b + 406, 2*c - b - 274 = 3*b. Suppose 0 = 67*m - 11740 + 8658. What is the remainder when c is divided by m?
43
Suppose -58746 = -228*s + 96978. What is the remainder when s is divided by 12?
11
Let o = -18417 + 18427. What is the remainder when 56 is divided by o?
6
Let l = 21630 - 19994. Calculate the remainder when l is divided by 544.
4
Let m = -519 + 283. Let x = m - -252. Suppose -5*r - 6 + 63 = -f, 37 = 3*r - 2*f. Calculate the remainder when x is divided by r.
5
Suppose 0 = 7*s - 477 + 127. Suppose s = 4*r - 2*o, 2*r + 5*o = o + 40. Calculate the remainder when 65 is divided by r.
9
Let f be (-11)/((-18)/(-24)*(-1)/3). Suppose 5*d + 5*u = 120, 34 = 3*d + 5*u - f. Calculate the remainder when 62 is divided by d.
20
Suppose -3*p = -9*p + 2124. Suppose 0 = -2*q + 2, -6*x + x - 5*q + 90 = 0. What is the remainder when p is divided by x?
14
Suppose q - l - 69 = 150, l - 450 = -2*q. Calculate the remainder when q is divided by 38.
33
Suppose 2*w - 2*v - 2 = 5*w, 0 = 5*w - 5*v - 30. Let z(q) = -q + 4. Let r be z(w). Suppose 109 + 225 = r*a. What is the remainder when a is divided by 28?
27
Suppose -106*g - 24*g = -76310. What is the remainder when g is divided by 221?
145
Suppose -22*t + 6481 + 2671 = 186*t. Calculate the remainder when 160 is divided by t.
28
Suppose -13685 = -11*s + 9954. Calculate the remainder when s is divided by 9.
7
Let u(z) = -